e prime factors of 11106.
2, 3, 617
What are the prime factors of 60548?
2, 15137
List the prime factors of 1047.
3, 349
What are the prime factors of 311?
311
List the prime factors of 4650.
2, 3, 5, 31
What are the prime factors of 2435?
5, 487
What are the prime factors of 1855?
5, 7, 53
What are the prime factors of 9318?
2, 3, 1553
What are the prime factors of 27103?
27103
What are the prime factors of 15233?
15233
What are the prime factors of 46202?
2, 13, 1777
List the prime factors of 2513.
7, 359
List the prime factors of 1671.
3, 557
List the prime factors of 871.
13, 67
List the prime factors of 136544.
2, 17, 251
List the prime factors of 1629.
3, 181
List the prime factors of 3848.
2, 13, 37
What are the prime factors of 21206?
2, 23, 461
What are the prime factors of 958?
2, 479
What are the prime factors of 1664?
2, 13
What are the prime factors of 2962?
2, 1481
List the prime factors of 2471.
7, 353
List the prime factors of 14448.
2, 3, 7, 43
What are the prime factors of 5034?
2, 3, 839
List the prime factors of 49859.
73, 683
What are the prime factors of 5483?
5483
What are the prime factors of 254?
2, 127
What are the prime factors of 4766?
2, 2383
List the prime factors of 36762.
2, 3, 11, 557
What are the prime factors of 857?
857
What are the prime factors of 26718?
2, 3, 61, 73
List the prime factors of 861.
3, 7, 41
What are the prime factors of 87?
3, 29
List the prime factors of 72329.
151, 479
What are the prime factors of 1645?
5, 7, 47
List the prime factors of 4215.
3, 5, 281
List the prime factors of 47326.
2, 23663
List the prime factors of 397.
397
List the prime factors of 7083.
3, 787
List the prime factors of 2134.
2, 11, 97
What are the prime factors of 8976?
2, 3, 11, 17
What are the prime factors of 5801?
5801
List the prime factors of 11909.
11909
What are the prime factors of 21118?
2, 10559
What are the prime factors of 2807?
7, 401
List the prime factors of 29928.
2, 3, 29, 43
List the prime factors of 1762.
2, 881
What are the prime factors of 78865?
5, 15773
List the prime factors of 3498.
2, 3, 11, 53
List the prime factors of 1416.
2, 3, 59
List the prime factors of 3396.
2, 3, 283
List the prime factors of 8908.
2, 17, 131
List the prime factors of 1071.
3, 7, 17
List the prime factors of 19093.
61, 313
List the prime factors of 5893.
71, 83
What are the prime factors of 2838?
2, 3, 11, 43
List the prime factors of 1915.
5, 383
What are the prime factors of 4935?
3, 5, 7, 47
List the prime factors of 102885.
3, 5, 19
What are the prime factors of 183482?
2, 13, 7057
What are the prime factors of 1312?
2, 41
What are the prime factors of 25131?
3, 8377
List the prime factors of 44995.
5, 8999
What are the prime factors of 4079?
4079
What are the prime factors of 40337?
11, 19, 193
What are the prime factors of 24491?
19, 1289
List the prime factors of 54.
2, 3
List the prime factors of 5051.
5051
List the prime factors of 2663.
2663
What are the prime factors of 8776?
2, 1097
List the prime factors of 137749.
139, 991
What are the prime factors of 15733?
15733
List the prime factors of 2788.
2, 17, 41
List the prime factors of 506.
2, 11, 23
List the prime factors of 32802.
2, 3, 7, 11, 71
List the prime factors of 1063.
1063
List the prime factors of 1026.
2, 3, 19
List the prime factors of 56795.
5, 37, 307
What are the prime factors of 44999?
17, 2647
List the prime factors of 2326.
2, 1163
List the prime factors of 5296.
2, 331
List the prime factors of 1145.
5, 229
List the prime factors of 3157.
7, 11, 41
What are the prime factors of 294?
2, 3, 7
List the prime factors of 2577.
3, 859
List the prime factors of 3714.
2, 3, 619
List the prime factors of 2089.
2089
What are the prime factors of 3727?
3727
What are the prime factors of 1894?
2, 947
List the prime factors of 17985.
3, 5, 11, 109
List the prime factors of 106097.
17, 79
List the prime factors of 25368.
2, 3, 7, 151
List the prime factors of 21916.
2, 5479
What are the prime factors of 1170?
2, 3, 5, 13
What are the prime factors of 72209?
163, 443
What are the prime factors of 1880?
2, 5, 47
What are the prime factors of 10144?
2, 317
List the prime factors of 1694.
2, 7, 11
What are the prime factors of 2735?
5, 547
List the prime factors of 1652.
2, 7, 59
List the prime factors of 4300.
2, 5, 43
List the prime factors of 33010.
2, 5, 3301
List the prime factors of 1635.
3, 5, 109
What are the prime factors of 14330?
2, 5, 1433
List the prime factors of 6991.
6991
What are the prime factors of 20205?
3, 5, 449
List the prime factors of 9387.
3, 7, 149
List the prime factors of 3589.
37, 97
List the prime factors of 17954.
2, 47, 191
What are the prime factors of 1949?
1949
What are the prime factors of 9858?
2, 3, 31, 53
What are the prime factors of 2273?
2273
List the prime factors of 2046.
2, 3, 11, 31
What are the prime factors of 209?
11, 19
What are the prime factors of 282?
2, 3, 47
List the prime factors of 1134.
2, 3, 7
What are the prime factors of 1633?
23, 71
List the prime factors of 6814.
2, 3407
What are the prime factors of 631?
631
List the prime factors of 318.
2, 3, 53
What are the prime factors of 34665?
3, 5, 2311
What are the prime factors of 17703?
3, 7, 281
What are the prime factors of 726?
2, 3, 11
What are the prime factors of 39909?
3, 53, 251
What are the prime factors of 3711?
3, 1237
What are the prime factors of 4536?
2, 3, 7
What are the prime factors of 28219?
28219
What are the prime factors of 47027?
31, 37, 41
List the prime factors of 1156.
2, 17
List the prime factors of 15446.
2, 7723
What are the prime factors of 1345?
5, 269
List the prime factors of 61701.
3, 131, 157
List the prime factors of 10986.
2, 3, 1831
List the prime factors of 464.
2, 29
List the prime factors of 49378.
2, 7, 3527
List the prime factors of 36265.
5, 7253
List the prime factors of 2146.
2, 29, 37
List the prime factors of 2687.
2687
List the prime factors of 23014.
2, 37, 311
List the prime factors of 7495.
5, 1499
List the prime factors of 156615.
3, 5, 53, 197
What are the prime factors of 5817?
3, 7, 277
List the prime factors of 1044.
2, 3, 29
What are the prime factors of 47272?
2, 19, 311
What are the prime factors of 2067?
3, 13, 53
List the prime factors of 110633.
317, 349
List the prime factors of 46710.
2, 3, 5, 173
List the prime factors of 64692.
2, 3, 599
What are the prime factors of 850?
2, 5, 17
What are the prime factors of 12643?
47, 269
What are the prime factors of 6443?
17, 379
List the prime factors of 193.
193
List the prime factors of 1813.
7, 37
List the prime factors of 68033.
7, 9719
What are the prime factors of 3205?
5, 641
List the prime factors of 21651.
3, 7, 1031
What are the prime factors of 20467?
97, 211
List the prime factors of 5273.
5273
List the prime factors of 20436.
2, 3, 13, 131
What are the prime factors of 3947?
3947
What are the prime factors of 1824?
2, 3, 19
What are the prime factors of 3136?
2, 7
List the prime factors of 149.
149
What are the prime factors of 38473?
79, 487
What are the prime factors of 12388?
2, 19, 163
List the prime factors of 63486.
2, 3, 3527
What are the prime factors of 1179?
3, 131
List the prime factors of 19204.
2, 4801
List the prime factors of 32717.
32717
List the prime factors of 1653.
3, 19, 29
List the prime factors of 248.
2, 31
List the prime factors of 37830.
2, 3, 5, 13, 97
List the prime factors of 4692.
2, 3, 17, 23
What are the prime factors of 5234?
2, 2617
What are the prime factors of 6409?
13, 17, 29
What are the prime factors of 1313?
13, 101
What are the prime factors of 16180?
2, 5, 809
List the prime factors of 2782.
2, 13, 107
List the prime factors of 31909.
17, 1877
List the prime factors of 34352.
2, 19, 113
List the prime factors of 2424.
2, 3, 101
List the prime factors of 29110.
2, 5, 41, 71
List the prime factors of 743.
743
What are the prime factors of 6839?
7, 977
What are the prime factors of 1061?
1061
List the prime factors of 26999.
7, 19, 29
What are the prime factors of 118936?
2, 14867
What are the prime factors of 1051?
1051
What are the prime factors of 2896?
2, 181
List the prime factors of 1918.
2, 7, 137
List the prime factors of 1001.
7, 11, 13
List the prime factors of 17.
17
Wh